n base 10, what is -4 + -162?
-166
In base 11, what is -3 + 2a5?
2a2
In base 2, what is 101000001 - -100?
101000101
In base 5, what is 32 - 10?
22
In base 15, what is -2 - -21?
1e
In base 8, what is 407 + -3?
404
In base 11, what is -1 + 13a2?
13a1
In base 11, what is 8 - 10?
-3
In base 16, what is -b9 + -8?
-c1
In base 3, what is 1001010 - 22?
1000211
In base 14, what is -18 + 1a?
2
In base 4, what is -1021 - 130?
-1211
In base 7, what is 3 - 142?
-136
In base 3, what is 2 + 102112021?
102112100
In base 11, what is 0 + 45?
45
In base 7, what is 1 - 424?
-423
In base 15, what is 6 - 3b?
-35
In base 13, what is -130 - -13?
-11a
In base 8, what is 43 + 11?
54
In base 10, what is 7 - -22?
29
In base 5, what is 10 - 201?
-141
In base 14, what is 1c4 - -5?
1c9
In base 14, what is 5 + -1?
4
In base 3, what is -2121 - -10100?
202
In base 8, what is -6 - -66?
60
In base 11, what is 36 - -11?
47
In base 8, what is 2130 - -3?
2133
In base 10, what is 5842 + 1?
5843
In base 8, what is -3 + 302?
277
In base 9, what is 5 - 13?
-7
In base 15, what is -4 + -4?
-8
In base 12, what is 23 - 149?
-126
In base 10, what is 531 + -2?
529
In base 16, what is c5 + -4?
c1
In base 2, what is -100 + 10001000111?
10001000011
In base 6, what is 3543 - 25?
3514
In base 12, what is 2 - 11?
-b
In base 2, what is -1011111111 + 111?
-1011111000
In base 10, what is -1 + 76?
75
In base 6, what is -14 - -103?
45
In base 4, what is 0 + 10202?
10202
In base 4, what is -103 - 12?
-121
In base 7, what is -154 + 3?
-151
In base 8, what is 1061 - -12?
1073
In base 14, what is -4 - 6b?
-71
In base 8, what is -157 - -264?
105
In base 7, what is 42 - -3?
45
In base 12, what is a0b + 2?
a11
In base 3, what is 1 + 100021?
100022
In base 2, what is -111 - -111100111?
111100000
In base 16, what is 54 - 7?
4d
In base 7, what is 11 + 2314?
2325
In base 16, what is 5 + 8f?
94
In base 8, what is -6707 + -3?
-6712
In base 5, what is -21 - -214?
143
In base 9, what is -14 + 18?
4
In base 6, what is -5 + 43515?
43510
In base 16, what is 0 + -286?
-286
In base 3, what is 220 - -21?
1011
In base 5, what is 4 + -31430?
-31421
In base 15, what is 0 - -717?
717
In base 12, what is 3 + 401b?
4022
In base 15, what is 3 + 41?
44
In base 4, what is -310 + -3?
-313
In base 4, what is 313323 - -2?
313331
In base 10, what is 1988 - -5?
1993
In base 9, what is 4 - 88?
-84
In base 4, what is 1310 + 330?
2300
In base 3, what is -12 - 1001?
-1020
In base 2, what is 1001 + 111000010010?
111000011011
In base 7, what is -125 - -20?
-105
In base 5, what is -4 + 11304?
11300
In base 15, what is -2 + 671?
66e
In base 2, what is -1010 + 10000?
110
In base 5, what is 11 + -20?
-4
In base 12, what is 17 + -35?
-1a
In base 12, what is 27a - -10?
28a
In base 13, what is 1 + 19?
1a
In base 10, what is 5 + -27?
-22
In base 9, what is 30 + 125?
155
In base 8, what is 220 - 3?
215
In base 16, what is -15 + 6?
-f
In base 12, what is -5 - 1b41?
-1b46
In base 3, what is -1 + -22200?
-22201
In base 9, what is 4 - 25?
-21
In base 7, what is 0 - 14?
-14
In base 10, what is 4 - -50?
54
In base 4, what is 100111 - 2?
100103
In base 9, what is 4 - -28?
33
In base 7, what is -3 + 12?
6
In base 9, what is 5 + 362?
367
In base 2, what is -101 + 1000100001?
1000011100
In base 12, what is 41 + 0?
41
In base 11, what is -5974 - 1?
-5975
In base 10, what is 21 - -18?
39
In base 14, what is -5 + 78a?
785
In base 2, what is -101100111001 - 11?
-101100111100
In base 9, what is 534 + 3?
537
In base 12, what is -311 - -3?
-30a
In base 7, what is 21300 - 4?
21263
In base 6, what is 15244 - 5?
15235
In base 12, what is -1 - 1278?
-1279
In base 8, what is -72 + 213?
121
In base 14, what is -3 + 59?
56
In base 11, what is -9 - -1?
-8
In base 13, what is -5 + -a3a?
-a42
In base 7, what is -452 + -11?
-463
In base 11, what is -4 - 36?
-3a
In base 16, what is -1080 + 5?
-107b
In base 11, what is 14 + -21?
-8
In base 10, what is -2 - 118?
-120
In base 5, what is -21 + -113?
-134
In base 2, what is 10010 - -11011?
101101
In base 2, what is 10001 + -110011000?
-110000111
In base 14, what is 3 + -92?
-8d
In base 11, what is -14a6 + -3?
-14a9
In base 16, what is 2 + -26de?
-26dc
In base 8, what is -1 - -346?
345
In base 7, what is 6116 + -1?
6115
In base 12, what is 5 - -2aa7?
2ab0
In base 2, what is 11 - -1110100?
1110111
In base 10, what is -160 + 0?
-160
In base 14, what is 3d - 4?
39
In base 14, what is -17 + -5?
-1c
In base 2, what is -11 - 1011001?
-1011100
In base 15, what is -1d16 + -2?
-1d18
In base 15, what is 355 + -3?
352
In base 3, what is 21021 + -2?
21012
In base 5, what is 121 + 3?
124
In base 6, what is 4 - -143?
151
In base 12, what is -1161 + -6?
-1167
In base 14, what is 0 - -27a?
27a
In base 6, what is -20 - 2?
-22
In base 9, what is 1 - -47?
48
In base 4, what is 232 + -10?
222
In base 11, what is -2 + -3?
-5
In base 2, what is -1001000000 + -1110?
-1001001110
In base 14, what is -10 - 5d?
-6d
In base 12, what is 2203 - 4?
21bb
In base 8, what is -1 + 27?
26
In base 6, what is 25 - 4020?
-3551
In base 12, what is -2a - 29?
-57
In base 14, what is -2 - 62b?
-62d
In base 7, what is -2124 + 2?
-2122
In base 5, what is 14033 - -1?
14034
In base 14, what is 1c + 20?
3c
In base 16, what is 2567 + -4?
2563
In base 14, what is -24b + -4?
-251
In base 7, what is -1412 + 0?
-1412
In base 15, what is 1a + 10?
2a
In base 10, what is 0 - -1292?
1292
In base 8, what is 40 + 4?
44
In base 7, what is 215 - -4?
222
In base 15, what is 6 - 1c6?
-1c0
In base 6, what is 22 + 1?
23
In base 16, what is 2 - -3c?
3e
In base 5, what is 132103 - 0?
132103
In base 11, what is 1a + -19?
1
In base 10, what is -267 - -3?
-264
In base 3, what is 2202221 - -2?
2210000
In base 9, what is 8 - -787?
806
In base 13, what is 2813 + -1?
2812
In base 4, what is -20223 - 10?
-20233
In base 13, what is 0 - 5b?
-5b
In base 2, what is -1101001001 - 1?
-1101001010
In base 11, what is -4400 - -5?
-43a6
In base 7, what is -526 - -4?
-522
In base 7, what is 22510 + 0?
22510
In base 6, what is -22 + 1240?
1214
In base 16, what is -858 + -6?
-85e
In base 9, what is -4 - -86?
82
In base 10, what is -3 + 38?
35
In base 7, what is 46436 + 2?
46441
In base 10, what is -2 - -4949?
4947
In base 16, what is 4 - -35?
39
In base 9, what is -2 + -318?
-321
In base 9, what is -151 + -44?
-205
In base 13, what is -189 + -2?
-18b
In base 8, what is 4 + 15?
21
In base 3, what is -1102 + 212?
-120
In base 3, what is 22 + 22110?
22202
In base 16, what is -16 + 3d?
27
In base 2, what is 100 + 1100000000?
1100000100
In base 7, what is 30 + 14?
44
In base 14, what is -1a - 52?
-6c
In base 10, what is 5 - -46?
51
In base 9, what is -4 - 127?
-132
In base 4, what is 103 - 1203?
-1100
In base 5, what is -2 + 21323?
21321
In base 4, what is -11 - -2101?
2030
In base 3, what is 1200 - -2?
1202
In base 16, what is -41 + 1?
-40
In base 13, what is -b + -9?
-17
In base 2, what is 11110 + -1?
11101
In base 6, what is -45 + -24?
-113
In base 14, what is -3 + -66?
-69
In base 12, what is 11 - -344?
355
In base 5, what is -421 - -203?
-213
In base 4, what is 100231 + 1?
100232
In base 14, what is 29ca + 0?
29ca
In base 10, what is 3717 - -5?
3722
In base 3, what is 101 + -22010?
-21202
In base 10, what is 6 - -13?
19
In base 7, what is -16111 + 3?
-16105
In base 13, what is 17 + a9?
c3
In base 7, what is 60 + 361?
451
In base 6, what is -25434 - -2?
-25432
In base 16, what is 2 + 6f?
71
In base 5, what is 2 - -3310?
3312
In base 5, what is 4120 + 1?
4121
In base 9, what is -2 + 71?
68
In base 12, what is -66 - -3?
-63
In base 16, what is 0 - -7?
7
In base 8, what is -302 + -11?
-313
In base 11, what is 0 - a65?
-a65
In base 3, what is 110 - 1011?
-201
In base 2, what is -11101010 + 111?
-11100011
In base 2, what is 1011011 + -101010?
110001
In base 15, what is -12 + -1?
-13
In base 4, what is -2 - 10012?
-10020
In base 13, what is -2 - -6?
4
In base 16, what is -4 - 41?
-45
In base 2, what is 0 + 11000?
11000
In base 9, what is 16010 + -2?
16007
In base 7, what is -5 + -205?
-213
In base 2, what is 100 + 1011010000?
1011010100
In base 15, what is 5 + -95?
-90
In base 14, what is 1182 - 8?
1178
In base 16, what is -4d + -1?
-4e
In base 16, what is 2 + 38?
3a
In base 5, what is -1 + 411?
410
In base 5, what is 3 - 1